  {"id":99,"date":"2025-07-28T15:48:01","date_gmt":"2025-07-28T15:48:01","guid":{"rendered":"https:\/\/d3.harvard.edu\/learning-portal\/?page_id=99"},"modified":"2025-09-24T13:44:25","modified_gmt":"2025-09-24T13:44:25","slug":"contactanos","status":"publish","type":"page","link":"https:\/\/d3.harvard.edu\/preparate-para-el-futuro-con-ia\/contactanos\/","title":{"rendered":"Cont\u00e1ctanos"},"content":{"rendered":"\n<h2 class=\"wp-block-heading\"><strong>\u00bfPreguntas?<\/strong><\/h2>\n\n\n\n<p>Consulta nuestra p\u00e1gina de&nbsp;<strong>Preguntas Frecuentes&nbsp;(FAQ)<\/strong>&nbsp;para obtener informaci\u00f3n \u00fatil.<\/p>\n\n\n\n<div class=\"wp-block-buttons is-layout-flex wp-block-buttons-is-layout-flex\">\n<div class=\"wp-block-button\"><a class=\"wp-block-button__link wp-element-button\" href=\"https:\/\/d3.harvard.edu\/preparate-para-el-futuro-con-ia\/preguntas-frecuentes-faq\/\">FAQ<\/a><\/div>\n<\/div>\n\n\n\n<p>\u00bfNo encuentras lo que buscas? Escr\u00edbenos a&nbsp;<a href=\"mailto:d3ie@hbs.edu\" target=\"_blank\" rel=\"noreferrer noopener\"><strong>d3ie@hbs.edu<\/strong><\/a>. \u00a1Estamos aqu\u00ed para ayudarte!<\/p>\n\n\n\n<h2 class=\"wp-block-heading\"><strong><strong>Mantente Conectado<\/strong><\/strong><\/h2>\n\n\n\n<p><em><strong><strong>S\u00edguenos en Redes Sociales<\/strong><\/strong><\/em><\/p>\n\n\n\n<ul class=\"wp-block-social-links alignleft has-huge-icon-size has-icon-color is-style-logos-only is-horizontal is-content-justification-left is-layout-flex wp-container-core-social-links-is-layout-10416aca wp-block-social-links-is-layout-flex\" style=\"padding-right:0;padding-left:0\"><li style=\"color:#051521;\" class=\"wp-social-link wp-social-link-instagram has-text-black-color wp-block-social-link\"><a rel=\"noopener nofollow\" target=\"_blank\" href=\"https:\/\/www.instagram.com\/digitaldatadesignharvard\/\" class=\"wp-block-social-link-anchor\"><svg width=\"24\" height=\"24\" viewBox=\"0 0 24 24\" version=\"1.1\" xmlns=\"http:\/\/www.w3.org\/2000\/svg\" aria-hidden=\"true\" focusable=\"false\"><path d=\"M12,4.622c2.403,0,2.688,0.009,3.637,0.052c0.877,0.04,1.354,0.187,1.671,0.31c0.42,0.163,0.72,0.358,1.035,0.673 c0.315,0.315,0.51,0.615,0.673,1.035c0.123,0.317,0.27,0.794,0.31,1.671c0.043,0.949,0.052,1.234,0.052,3.637 s-0.009,2.688-0.052,3.637c-0.04,0.877-0.187,1.354-0.31,1.671c-0.163,0.42-0.358,0.72-0.673,1.035 c-0.315,0.315-0.615,0.51-1.035,0.673c-0.317,0.123-0.794,0.27-1.671,0.31c-0.949,0.043-1.233,0.052-3.637,0.052 s-2.688-0.009-3.637-0.052c-0.877-0.04-1.354-0.187-1.671-0.31c-0.42-0.163-0.72-0.358-1.035-0.673 c-0.315-0.315-0.51-0.615-0.673-1.035c-0.123-0.317-0.27-0.794-0.31-1.671C4.631,14.688,4.622,14.403,4.622,12 s0.009-2.688,0.052-3.637c0.04-0.877,0.187-1.354,0.31-1.671c0.163-0.42,0.358-0.72,0.673-1.035 c0.315-0.315,0.615-0.51,1.035-0.673c0.317-0.123,0.794-0.27,1.671-0.31C9.312,4.631,9.597,4.622,12,4.622 M12,3 C9.556,3,9.249,3.01,8.289,3.054C7.331,3.098,6.677,3.25,6.105,3.472C5.513,3.702,5.011,4.01,4.511,4.511 c-0.5,0.5-0.808,1.002-1.038,1.594C3.25,6.677,3.098,7.331,3.054,8.289C3.01,9.249,3,9.556,3,12c0,2.444,0.01,2.751,0.054,3.711 c0.044,0.958,0.196,1.612,0.418,2.185c0.23,0.592,0.538,1.094,1.038,1.594c0.5,0.5,1.002,0.808,1.594,1.038 c0.572,0.222,1.227,0.375,2.185,0.418C9.249,20.99,9.556,21,12,21s2.751-0.01,3.711-0.054c0.958-0.044,1.612-0.196,2.185-0.418 c0.592-0.23,1.094-0.538,1.594-1.038c0.5-0.5,0.808-1.002,1.038-1.594c0.222-0.572,0.375-1.227,0.418-2.185 C20.99,14.751,21,14.444,21,12s-0.01-2.751-0.054-3.711c-0.044-0.958-0.196-1.612-0.418-2.185c-0.23-0.592-0.538-1.094-1.038-1.594 c-0.5-0.5-1.002-0.808-1.594-1.038c-0.572-0.222-1.227-0.375-2.185-0.418C14.751,3.01,14.444,3,12,3L12,3z M12,7.378 c-2.552,0-4.622,2.069-4.622,4.622S9.448,16.622,12,16.622s4.622-2.069,4.622-4.622S14.552,7.378,12,7.378z M12,15 c-1.657,0-3-1.343-3-3s1.343-3,3-3s3,1.343,3,3S13.657,15,12,15z M16.804,6.116c-0.596,0-1.08,0.484-1.08,1.08 s0.484,1.08,1.08,1.08c0.596,0,1.08-0.484,1.08-1.08S17.401,6.116,16.804,6.116z\"><\/path><\/svg><span class=\"wp-block-social-link-label screen-reader-text\">Instagram<\/span><\/a><\/li>\n\n<li style=\"color:#051521;\" class=\"wp-social-link wp-social-link-youtube has-text-black-color wp-block-social-link\"><a rel=\"noopener nofollow\" target=\"_blank\" href=\"https:\/\/www.youtube.com\/@d3-harvard\" class=\"wp-block-social-link-anchor\"><svg width=\"24\" height=\"24\" viewBox=\"0 0 24 24\" version=\"1.1\" xmlns=\"http:\/\/www.w3.org\/2000\/svg\" aria-hidden=\"true\" focusable=\"false\"><path d=\"M21.8,8.001c0,0-0.195-1.378-0.795-1.985c-0.76-0.797-1.613-0.801-2.004-0.847c-2.799-0.202-6.997-0.202-6.997-0.202 h-0.009c0,0-4.198,0-6.997,0.202C4.608,5.216,3.756,5.22,2.995,6.016C2.395,6.623,2.2,8.001,2.2,8.001S2,9.62,2,11.238v1.517 c0,1.618,0.2,3.237,0.2,3.237s0.195,1.378,0.795,1.985c0.761,0.797,1.76,0.771,2.205,0.855c1.6,0.153,6.8,0.201,6.8,0.201 s4.203-0.006,7.001-0.209c0.391-0.047,1.243-0.051,2.004-0.847c0.6-0.607,0.795-1.985,0.795-1.985s0.2-1.618,0.2-3.237v-1.517 C22,9.62,21.8,8.001,21.8,8.001z M9.935,14.594l-0.001-5.62l5.404,2.82L9.935,14.594z\"><\/path><\/svg><span class=\"wp-block-social-link-label screen-reader-text\">YouTube<\/span><\/a><\/li>\n\n<li style=\"color:#051521;\" class=\"wp-social-link wp-social-link-linkedin has-text-black-color wp-block-social-link\"><a rel=\"noopener nofollow\" target=\"_blank\" href=\"https:\/\/www.linkedin.com\/company\/d3instituteatharvard\" class=\"wp-block-social-link-anchor\"><svg width=\"24\" height=\"24\" viewBox=\"0 0 24 24\" version=\"1.1\" xmlns=\"http:\/\/www.w3.org\/2000\/svg\" aria-hidden=\"true\" focusable=\"false\"><path d=\"M19.7,3H4.3C3.582,3,3,3.582,3,4.3v15.4C3,20.418,3.582,21,4.3,21h15.4c0.718,0,1.3-0.582,1.3-1.3V4.3 C21,3.582,20.418,3,19.7,3z M8.339,18.338H5.667v-8.59h2.672V18.338z M7.004,8.574c-0.857,0-1.549-0.694-1.549-1.548 c0-0.855,0.691-1.548,1.549-1.548c0.854,0,1.547,0.694,1.547,1.548C8.551,7.881,7.858,8.574,7.004,8.574z M18.339,18.338h-2.669 v-4.177c0-0.996-0.017-2.278-1.387-2.278c-1.389,0-1.601,1.086-1.601,2.206v4.249h-2.667v-8.59h2.559v1.174h0.037 c0.356-0.675,1.227-1.387,2.526-1.387c2.703,0,3.203,1.779,3.203,4.092V18.338z\"><\/path><\/svg><span class=\"wp-block-social-link-label screen-reader-text\">LinkedIn<\/span><\/a><\/li><\/ul>\n\n\n\n<p><em><strong><strong>\u00danete a Nuestra Comunidad<\/strong><\/strong><\/em><\/p>\n\n\n\n<p>Mantente al d\u00eda con las \u00faltimas novedades de&nbsp;<em><strong>Prep\u00e1rate para el Futuro con IA<\/strong><\/em>&nbsp;y&nbsp;D^3: actualizaciones, eventos, investigaciones y mucho m\u00e1s.<\/p>\n\n\n\n<div class=\"wp-block-columns is-layout-flex wp-container-core-columns-is-layout-28f84493 wp-block-columns-is-layout-flex\">\n<div class=\"wp-block-column is-layout-flow wp-block-column-is-layout-flow\" style=\"flex-basis:100%\"><style id=\"wpforms-css-vars-246-block-afb66558-5af8-42ad-b7b1-bade88b24e98\">\n\t\t\t\t#wpforms-246.wpforms-block-afb66558-5af8-42ad-b7b1-bade88b24e98 {\n\t\t\t\t--wpforms-field-border-radius: 25px;\n--wpforms-button-background-color: var(--primary-color, #309792);\n--wpforms-field-size-input-height: 43px;\n--wpforms-field-size-input-spacing: 15px;\n--wpforms-field-size-font-size: 16px;\n--wpforms-field-size-line-height: 19px;\n--wpforms-field-size-padding-h: 14px;\n--wpforms-field-size-checkbox-size: 16px;\n--wpforms-field-size-sublabel-spacing: 5px;\n--wpforms-field-size-icon-size: 1;\n--wpforms-label-size-font-size: 16px;\n--wpforms-label-size-line-height: 19px;\n--wpforms-label-size-sublabel-font-size: 14px;\n--wpforms-label-size-sublabel-line-height: 17px;\n--wpforms-button-size-font-size: 17px;\n--wpforms-button-size-height: 41px;\n--wpforms-button-size-padding-h: 15px;\n--wpforms-button-size-margin-top: 10px;\n--wpforms-container-shadow-size-box-shadow: none;\n\t\t\t}\n\t\t\t<\/style><div class=\"wpforms-container wpforms-container-full wpforms-block wpforms-block-afb66558-5af8-42ad-b7b1-bade88b24e98 wpforms-render-modern\" id=\"wpforms-246\"><form id=\"wpforms-form-246\" class=\"wpforms-validate wpforms-form wpforms-ajax-form\" data-formid=\"246\" method=\"post\" enctype=\"multipart\/form-data\" action=\"\/preparate-para-el-futuro-con-ia\/wp-json\/wp\/v2\/pages\/99\" data-token=\"fcccbed4c06823a524d960e6f7d76288\" data-token-time=\"1776299892\"><noscript class=\"wpforms-error-noscript\">Please enable JavaScript in your browser to complete this form.<\/noscript><div id=\"wpforms-error-noscript\" style=\"display: none;\">Please enable JavaScript in your browser to complete this form.<\/div><div class=\"wpforms-field-container\">\t\t<div id=\"wpforms-246-field_1-container\"\n\t\t\tclass=\"wpforms-field wpforms-field-text\"\n\t\t\tdata-field-type=\"text\"\n\t\t\tdata-field-id=\"1\"\n\t\t\t>\n\t\t\t<label class=\"wpforms-field-label\" for=\"wpforms-246-field_1\" >Apellido Equipo \/<\/label>\n\t\t\t<input type=\"text\" id=\"wpforms-246-field_1\" class=\"wpforms-field-medium\" name=\"wpforms[fields][1]\" >\n\t\t<\/div>\n\t\t<div id=\"wpforms-246-field_2-container\" class=\"wpforms-field wpforms-field-email\" data-field-id=\"2\"><label class=\"wpforms-field-label\" for=\"wpforms-246-field_2\">Nombre <span class=\"wpforms-required-label\" aria-hidden=\"true\">*<\/span><\/label><input type=\"email\" id=\"wpforms-246-field_2\" class=\"wpforms-field-medium wpforms-field-required\" name=\"wpforms[fields][2]\" spellcheck=\"false\" aria-errormessage=\"wpforms-246-field_2-error\" required><\/div><div id=\"wpforms-246-field_4-container\" class=\"wpforms-field wpforms-field-email\" data-field-id=\"4\"><label class=\"wpforms-field-label\" for=\"wpforms-246-field_4\">Apellido <span class=\"wpforms-required-label\" aria-hidden=\"true\">*<\/span><\/label><input type=\"email\" id=\"wpforms-246-field_4\" class=\"wpforms-field-medium wpforms-field-required\" name=\"wpforms[fields][4]\" spellcheck=\"false\" aria-errormessage=\"wpforms-246-field_4-error\" required><\/div><div id=\"wpforms-246-field_5-container\" class=\"wpforms-field wpforms-field-email\" data-field-id=\"5\"><label class=\"wpforms-field-label\" for=\"wpforms-246-field_5\">Email <span class=\"wpforms-required-label\" aria-hidden=\"true\">*<\/span><\/label><input type=\"email\" id=\"wpforms-246-field_5\" class=\"wpforms-field-medium wpforms-field-required\" name=\"wpforms[fields][5]\" spellcheck=\"false\" aria-errormessage=\"wpforms-246-field_5-error\" required><\/div><div id=\"wpforms-246-field_6-container\" class=\"wpforms-field wpforms-field-select wpforms-field-select-style-classic\" data-field-id=\"6\"><label class=\"wpforms-field-label\" for=\"wpforms-246-field_6\">Funci\u00f3n \/ Equipo<\/label><select id=\"wpforms-246-field_6\" class=\"wpforms-field-medium\" name=\"wpforms[fields][6]\"><option value=\"Contabilidad\"  class=\"choice-1 depth-1\"  >Contabilidad<\/option><option value=\"Contenido \/ Editorial \/ Medios\"  class=\"choice-2 depth-1\"  >Contenido \/ Editorial \/ Medios<\/option><option value=\"Ciencia de Datos \/ Anal\u00edtica\"  class=\"choice-3 depth-1\"  >Ciencia de Datos \/ Anal\u00edtica<\/option><option value=\"Dise\u00f1o\"  class=\"choice-4 depth-1\"  >Dise\u00f1o<\/option><option value=\"Medioambiente, Social y Gobernanza (ESG) \/ Sostenibilidad\"  class=\"choice-5 depth-1\"  >Medioambiente, Social y Gobernanza (ESG) \/ Sostenibilidad<\/option><option value=\"Finanzas\"  class=\"choice-6 depth-1\"  >Finanzas<\/option><option value=\"Asuntos Gubernamentales\"  class=\"choice-7 depth-1\"  >Asuntos Gubernamentales<\/option><option value=\"Recursos Humanos\"  class=\"choice-8 depth-1\"  >Recursos Humanos<\/option><option value=\"TI \/ Desarrollo de Software \/ Ingenier\u00eda\"  class=\"choice-9 depth-1\"  >TI \/ Desarrollo de Software \/ Ingenier\u00eda<\/option><option value=\"Aprendizaje y Desarrollo\"  class=\"choice-10 depth-1\"  >Aprendizaje y Desarrollo<\/option><option value=\"Legal\"  class=\"choice-11 depth-1\"  >Legal<\/option><option value=\"Manufactura \/ Producci\u00f3n\"  class=\"choice-12 depth-1\"  >Manufactura \/ Producci\u00f3n<\/option><option value=\"Marketing \/ Comunicaciones \/ Relaciones P\u00fablicas\"  class=\"choice-13 depth-1\"  >Marketing \/ Comunicaciones \/ Relaciones P\u00fablicas<\/option><option value=\"Operaciones \/ Cadena de Suministro \/ Compras \/ Adquisiciones\"  class=\"choice-14 depth-1\"  >Operaciones \/ Cadena de Suministro \/ Compras \/ Adquisiciones<\/option><option value=\"Gesti\u00f3n de Proyectos \/ Gesti\u00f3n de Productos\"  class=\"choice-15 depth-1\"  >Gesti\u00f3n de Proyectos \/ Gesti\u00f3n de Productos<\/option><option value=\"Investigaci\u00f3n y Desarrollo\"  class=\"choice-16 depth-1\"  >Investigaci\u00f3n y Desarrollo<\/option><option value=\"Ventas \/ Servicio al Cliente \/ Gesti\u00f3n de Cuentas\"  class=\"choice-17 depth-1\"  >Ventas \/ Servicio al Cliente \/ Gesti\u00f3n de Cuentas<\/option><option value=\"Estrategia\"  class=\"choice-18 depth-1\"  >Estrategia<\/option><option value=\"Otro\"  class=\"choice-19 depth-1\"  >Otro<\/option><\/select><\/div><script>\n\t\t\t\t( function() {\n\t\t\t\t\tconst style = document.createElement( 'style' );\n\t\t\t\t\tstyle.appendChild( document.createTextNode( '#wpforms-246-field_1-container { position: absolute !important; overflow: hidden !important; display: inline !important; height: 1px !important; width: 1px !important; z-index: -1000 !important; padding: 0 !important; } #wpforms-246-field_1-container input { visibility: hidden; } #wpforms-conversational-form-page #wpforms-246-field_1-container label { counter-increment: none; }' ) );\n\t\t\t\t\tdocument.head.appendChild( style );\n\t\t\t\t\tdocument.currentScript?.remove();\n\t\t\t\t} )();\n\t\t\t<\/script><\/div><!-- .wpforms-field-container --><div class=\"wpforms-submit-container\" ><input type=\"hidden\" name=\"wpforms[id]\" value=\"246\"><input type=\"hidden\" name=\"page_title\" value=\"\"><input type=\"hidden\" name=\"page_url\" value=\"https:\/\/d3.harvard.edu\/preparate-para-el-futuro-con-ia\/wp-json\/wp\/v2\/pages\/99\"><input type=\"hidden\" name=\"url_referer\" value=\"https:\/\/d3.harvard.edu\/\"><button type=\"submit\" name=\"wpforms[submit]\" id=\"wpforms-submit-246\" class=\"wpforms-submit\" data-alt-text=\"Sending...\" data-submit-text=\"Enviar\" aria-live=\"assertive\" value=\"wpforms-submit\">Enviar<\/button><img loading=\"lazy\" decoding=\"async\" src=\"https:\/\/d3.harvard.edu\/preparate-para-el-futuro-con-ia\/wp-content\/plugins\/wpforms\/assets\/images\/submit-spin.svg\" class=\"wpforms-submit-spinner\" style=\"display: none;\" width=\"26\" height=\"26\" alt=\"Loading\"><\/div><\/form><\/div>  <!-- .wpforms-container --><\/div>\n<\/div>\n\n\n\n<h4 class=\"wp-block-heading\" id=\"interested-in-taking-multiple-badges\"><strong><strong>\u00bfInteresado en experiencias de aprendizaje para tu organizaci\u00f3n?<\/strong><\/strong><\/h4>\n\n\n\n<p>Ponte en contacto con nuestro equipo de&nbsp;<strong>Alianzas Corporativas<\/strong>&nbsp;en&nbsp;<strong>d3_alliances@harvard.edu<\/strong>.<\/p>\n","protected":false},"excerpt":{"rendered":"<p>\u00bfPreguntas? Consulta nuestra p\u00e1gina de&nbsp;Preguntas Frecuentes&nbsp;(FAQ)&nbsp;para obtener informaci\u00f3n \u00fatil. \u00bfNo encuentras lo que buscas? Escr\u00edbenos a&nbsp;d3ie@hbs.edu. \u00a1Estamos aqu\u00ed para ayudarte! Mantente Conectado S\u00edguenos en Redes Sociales \u00danete a Nuestra Comunidad Mantente al d\u00eda con las \u00faltimas novedades de&nbsp;Prep\u00e1rate para el Futuro con IA&nbsp;y&nbsp;D^3: actualizaciones, eventos, investigaciones y mucho m\u00e1s. \u00bfInteresado en experiencias de aprendizaje para [&hellip;]<\/p>\n","protected":false},"author":19414,"featured_media":0,"parent":0,"menu_order":0,"comment_status":"closed","ping_status":"closed","template":"","meta":{"_trash_the_other_posts":false,"rkv_hide_featured_image":false,"rkv_hide_page_title":false,"rkv_hide_abstract_shapes":true,"rkv_reduce_header":false,"hbsd3_featured_media_url":"","hbsd3_featured_media_url_autoplay":false,"editor_notices":[],"footnotes":""},"class_list":["post-99","page","type-page","status-publish","hentry"],"_links":{"self":[{"href":"https:\/\/d3.harvard.edu\/preparate-para-el-futuro-con-ia\/wp-json\/wp\/v2\/pages\/99","targetHints":{"allow":["GET"]}}],"collection":[{"href":"https:\/\/d3.harvard.edu\/preparate-para-el-futuro-con-ia\/wp-json\/wp\/v2\/pages"}],"about":[{"href":"https:\/\/d3.harvard.edu\/preparate-para-el-futuro-con-ia\/wp-json\/wp\/v2\/types\/page"}],"author":[{"embeddable":true,"href":"https:\/\/d3.harvard.edu\/preparate-para-el-futuro-con-ia\/wp-json\/wp\/v2\/users\/19414"}],"replies":[{"embeddable":true,"href":"https:\/\/d3.harvard.edu\/preparate-para-el-futuro-con-ia\/wp-json\/wp\/v2\/comments?post=99"}],"version-history":[{"count":6,"href":"https:\/\/d3.harvard.edu\/preparate-para-el-futuro-con-ia\/wp-json\/wp\/v2\/pages\/99\/revisions"}],"predecessor-version":[{"id":270,"href":"https:\/\/d3.harvard.edu\/preparate-para-el-futuro-con-ia\/wp-json\/wp\/v2\/pages\/99\/revisions\/270"}],"wp:attachment":[{"href":"https:\/\/d3.harvard.edu\/preparate-para-el-futuro-con-ia\/wp-json\/wp\/v2\/media?parent=99"}],"curies":[{"name":"wp","href":"https:\/\/api.w.org\/{rel}","templated":true}]}}