  {"id":71,"date":"2025-07-25T20:21:47","date_gmt":"2025-07-25T20:21:47","guid":{"rendered":"https:\/\/d3.harvard.edu\/learning-portal\/?page_id=71"},"modified":"2025-11-24T16:45:48","modified_gmt":"2025-11-24T16:45:48","slug":"ia-liderazgo-y-gestion","status":"publish","type":"page","link":"https:\/\/d3.harvard.edu\/preparate-para-el-futuro-con-ia\/rutas-de-aprendizaje\/ia-liderazgo-y-gestion\/","title":{"rendered":"IA + Liderazgo y Gesti\u00f3n"},"content":{"rendered":"\n<div class=\"wp-block-group alignwide statement-group-variation is-layout-constrained wp-block-group-is-layout-constrained\">\n<h2 class=\"wp-block-heading alignwide has-text-align-left has-medium-font-size\"><strong>Ya sea que est\u00e9s dirigiendo la estrategia desde el nivel ejecutivo, gestionando equipos o liderando la entrega de productos,&nbsp;IA + Liderazgo y Gesti\u00f3n&nbsp;te prepara para liderar con confianza en un entorno laboral impulsado por la IA.<\/strong><\/h2>\n\n\n\n<h2 class=\"wp-block-heading alignwide has-text-align-left has-medium-font-size\"><strong>Estos m\u00f3dulos muestran c\u00f3mo la&nbsp;IA generativa&nbsp;puede simplificar tareas de liderazgo, mientras que los&nbsp;sistemas de razonamiento e IA ag\u00e9ntica&nbsp;orquestan flujos de trabajo complejos. A trav\u00e9s de&nbsp;investigaci\u00f3n centrada en el liderazgo&nbsp;y&nbsp;perspectivas del mundo real, esta serie te ayuda a&nbsp;reimaginar procesos,&nbsp;tomar decisiones m\u00e1s precisas&nbsp;y&nbsp;enfocarte en el trabajo que realmente importa.<\/strong><\/h2>\n<\/div>\n\n\n\n<div class=\"wp-block-group alignwide has-white-to-light-grey-gradient-background has-background is-layout-constrained wp-block-group-is-layout-constrained\" style=\"padding-top:var(--wp--preset--spacing--600);padding-bottom:var(--wp--preset--spacing--600)\">\n<h4 class=\"wp-block-heading alignwide\"><strong><strong>Liderando la Implementaci\u00f3n de la IA para Ejecutivos<\/strong><\/strong><\/h4>\n\n\n\n<div class=\"wp-block-media-text alignwide is-stacked-on-mobile\" style=\"grid-template-columns:38% auto\"><figure class=\"wp-block-media-text__media\"><img loading=\"lazy\" decoding=\"async\" width=\"1024\" height=\"576\" src=\"https:\/\/d3.harvard.edu\/preparate-para-el-futuro-con-ia\/wp-content\/uploads\/sites\/43\/2025\/09\/12-1024x576.png\" alt=\"\" class=\"wp-image-286 size-full\" srcset=\"https:\/\/d3.harvard.edu\/preparate-para-el-futuro-con-ia\/wp-content\/uploads\/sites\/43\/2025\/09\/12-1024x576.png 1024w, https:\/\/d3.harvard.edu\/preparate-para-el-futuro-con-ia\/wp-content\/uploads\/sites\/43\/2025\/09\/12-300x169.png 300w, https:\/\/d3.harvard.edu\/preparate-para-el-futuro-con-ia\/wp-content\/uploads\/sites\/43\/2025\/09\/12-768x432.png 768w, https:\/\/d3.harvard.edu\/preparate-para-el-futuro-con-ia\/wp-content\/uploads\/sites\/43\/2025\/09\/12-1536x864.png 1536w, https:\/\/d3.harvard.edu\/preparate-para-el-futuro-con-ia\/wp-content\/uploads\/sites\/43\/2025\/09\/12-512x288.png 512w, https:\/\/d3.harvard.edu\/preparate-para-el-futuro-con-ia\/wp-content\/uploads\/sites\/43\/2025\/09\/12.png 1920w\" sizes=\"auto, (max-width: 1024px) 100vw, 1024px\" \/><\/figure><div class=\"wp-block-media-text__content\">\n<p>\u00bfEst\u00e1s listo para aprender c\u00f3mo los l\u00edderes s\u00e9nior pueden impulsar la transformaci\u00f3n con IA con autoridad y claridad? Este m\u00f3dulo comienza con el uso de&nbsp;IA generativa&nbsp;para replantear desaf\u00edos, alinear iniciativas y modelar la adopci\u00f3n, y luego avanza hacia&nbsp;modelos de razonamiento&nbsp;y&nbsp;IA ag\u00e9ntica&nbsp;capaces de coordinar de forma aut\u00f3noma los flujos de trabajo de liderazgo. Basado en investigaciones sobre&nbsp;transformaci\u00f3n empresarial&nbsp;y&nbsp;liderazgo en IA, junto con marcos aplicados, este m\u00f3dulo prepara a los ejecutivos para liderar el cambio habilitado por IA con&nbsp;credibilidad,&nbsp;visi\u00f3n estrat\u00e9gica&nbsp;e&nbsp;impacto real.<\/p>\n<\/div><\/div>\n<\/div>\n\n\n\n<div class=\"wp-block-group alignwide has-white-to-light-grey-gradient-background has-background is-layout-constrained wp-block-group-is-layout-constrained\">\n<h4 class=\"wp-block-heading alignwide has-black-color has-text-color has-link-color wp-elements-feef7d80e8efa1afe9935bd8c4444abe\"><strong>Gesti\u00f3n de Productos Potenciada por IA<\/strong><\/h4>\n\n\n\n<div class=\"wp-block-media-text alignwide is-stacked-on-mobile\" style=\"grid-template-columns:40% auto\"><figure class=\"wp-block-media-text__media\"><img loading=\"lazy\" decoding=\"async\" width=\"1024\" height=\"576\" src=\"https:\/\/d3.harvard.edu\/preparate-para-el-futuro-con-ia\/wp-content\/uploads\/sites\/43\/2025\/10\/Spanish-Aug-2025-B2c-badge-1024x576.png\" alt=\"\" class=\"wp-image-308 size-full\" srcset=\"https:\/\/d3.harvard.edu\/preparate-para-el-futuro-con-ia\/wp-content\/uploads\/sites\/43\/2025\/10\/Spanish-Aug-2025-B2c-badge-1024x576.png 1024w, https:\/\/d3.harvard.edu\/preparate-para-el-futuro-con-ia\/wp-content\/uploads\/sites\/43\/2025\/10\/Spanish-Aug-2025-B2c-badge-300x169.png 300w, https:\/\/d3.harvard.edu\/preparate-para-el-futuro-con-ia\/wp-content\/uploads\/sites\/43\/2025\/10\/Spanish-Aug-2025-B2c-badge-768x432.png 768w, https:\/\/d3.harvard.edu\/preparate-para-el-futuro-con-ia\/wp-content\/uploads\/sites\/43\/2025\/10\/Spanish-Aug-2025-B2c-badge-1536x864.png 1536w, https:\/\/d3.harvard.edu\/preparate-para-el-futuro-con-ia\/wp-content\/uploads\/sites\/43\/2025\/10\/Spanish-Aug-2025-B2c-badge-512x288.png 512w, https:\/\/d3.harvard.edu\/preparate-para-el-futuro-con-ia\/wp-content\/uploads\/sites\/43\/2025\/10\/Spanish-Aug-2025-B2c-badge.png 1920w\" sizes=\"auto, (max-width: 1024px) 100vw, 1024px\" \/><\/figure><div class=\"wp-block-media-text__content\">\n<p>\u00bfQuieres comprender c\u00f3mo la IA est\u00e1 elevando la gesti\u00f3n de productos? Esta ruta de aprendizaje, desarrollada junto a&nbsp;<strong>la fellow ejecutiva de D^3 y l\u00edder de producto en Google GenAI<\/strong>,&nbsp;<strong>Dra. Marily Nika<\/strong>, introduce el uso de&nbsp;<strong>IA generativa<\/strong> para redactar documentos de producto, sintetizar investigaciones, crear prototipos r\u00e1pidamente y automatizar flujos de trabajo. Luego, avanza hacia&nbsp;<strong>modelos de razonamiento<\/strong>&nbsp;y&nbsp;<strong>sistemas ag\u00e9nticos<\/strong>&nbsp;que orquestan flujos de trabajo de producto de principio a fin. Basado en&nbsp;<strong>manuales pr\u00e1cticos<\/strong>&nbsp;y experiencia real en liderazgo de productos, este m\u00f3dulo te prepara para integrar la IA en la&nbsp;<strong>estrategia y ejecuci\u00f3n de productos<\/strong>, liberando tiempo para centrarte en el trabajo <strong>estrat\u00e9gico y de alto valor<\/strong>.<\/p>\n<\/div><\/div>\n<\/div>\n\n\n\n<div class=\"wp-block-group alignwide has-yellow-background-color has-background is-layout-constrained wp-block-group-is-layout-constrained\" style=\"box-shadow:var(--wp--preset--shadow--natural)\">\n<h4 class=\"wp-block-heading alignwide has-black-color has-text-color has-link-color wp-elements-ffe2452633dfa4bac4fc013a4e2d9227\"><strong><strong>Pr\u00f3ximamente: Liderando la Implementaci\u00f3n de la IA para Gerentes y Equipos<\/strong><\/strong><\/h4>\n\n\n\n<div class=\"wp-block-media-text alignwide is-stacked-on-mobile\" style=\"grid-template-columns:39% auto\"><figure class=\"wp-block-media-text__media\"><img loading=\"lazy\" decoding=\"async\" width=\"1024\" height=\"576\" src=\"https:\/\/d3.harvard.edu\/preparate-para-el-futuro-con-ia\/wp-content\/uploads\/sites\/43\/2025\/09\/13-1024x576.png\" alt=\"\" class=\"wp-image-287 size-full\" srcset=\"https:\/\/d3.harvard.edu\/preparate-para-el-futuro-con-ia\/wp-content\/uploads\/sites\/43\/2025\/09\/13-1024x576.png 1024w, https:\/\/d3.harvard.edu\/preparate-para-el-futuro-con-ia\/wp-content\/uploads\/sites\/43\/2025\/09\/13-300x169.png 300w, https:\/\/d3.harvard.edu\/preparate-para-el-futuro-con-ia\/wp-content\/uploads\/sites\/43\/2025\/09\/13-768x432.png 768w, https:\/\/d3.harvard.edu\/preparate-para-el-futuro-con-ia\/wp-content\/uploads\/sites\/43\/2025\/09\/13-1536x864.png 1536w, https:\/\/d3.harvard.edu\/preparate-para-el-futuro-con-ia\/wp-content\/uploads\/sites\/43\/2025\/09\/13-512x288.png 512w, https:\/\/d3.harvard.edu\/preparate-para-el-futuro-con-ia\/wp-content\/uploads\/sites\/43\/2025\/09\/13.png 1920w\" sizes=\"auto, (max-width: 1024px) 100vw, 1024px\" \/><\/figure><div class=\"wp-block-media-text__content\">\n<p>\u00bfEst\u00e1s listo para aprender c\u00f3mo los gerentes y equipos pueden guiar con \u00e9xito la adopci\u00f3n de la IA en el trabajo diario? Este m\u00f3dulo comienza con el uso de&nbsp;<strong>IA generativa<\/strong>&nbsp;para replantear desaf\u00edos, mejorar la colaboraci\u00f3n y apoyar la adopci\u00f3n, y luego avanza hacia&nbsp;<strong>modelos de razonamiento<\/strong>&nbsp;y&nbsp;<strong>IA ag\u00e9ntica<\/strong>&nbsp;que coordinan flujos de trabajo de m\u00faltiples etapas en distintos proyectos. Basado en investigaciones sobre&nbsp;<strong>cambio organizacional<\/strong>&nbsp;y marcos aplicados a nivel de equipo, este m\u00f3dulo brinda a los gerentes las herramientas necesarias para liderar la integraci\u00f3n de la IA con <strong>confianza<\/strong>,&nbsp;<strong>alineaci\u00f3n estrat\u00e9gica<\/strong>&nbsp;y&nbsp;<strong>un impacto medible<\/strong>.<\/p>\n<\/div><\/div>\n<\/div>\n\n\n\n<div class=\"wp-block-group alignfull has-light-to-dark-77deg-gradient-background has-background is-layout-constrained wp-block-group-is-layout-constrained\" style=\"margin-top:var(--wp--preset--spacing--200);padding-top:var(--wp--preset--spacing--600)\">\n<h2 class=\"wp-block-heading\"><strong>\u00danete Ahora<\/strong><\/h2>\n\n\n\n<div class=\"wp-block-columns is-layout-flex wp-container-core-columns-is-layout-28f84493 wp-block-columns-is-layout-flex\">\n<div class=\"wp-block-column is-layout-flow wp-block-column-is-layout-flow\">\n<p>Aprovecha toda la experiencia de&nbsp;<em>Prep\u00e1rate para el Futuro con IA<\/em>&nbsp;hasta el&nbsp;<strong>28 de septiembre de 2026<\/strong>&nbsp;por un precio total de&nbsp;<strong>$279<\/strong>. Desbloquea tu potencial individual y empresarial, y eleva tu forma de trabajar con&nbsp;D^3.<\/p>\n\n\n\n<p><\/p>\n\n\n\n<div class=\"wp-block-buttons is-layout-flex wp-block-buttons-is-layout-flex\">\n<div class=\"wp-block-button is-style-arrow\"><a class=\"wp-block-button__link has-black-color has-text-color has-link-color wp-element-button\" href=\"https:\/\/cvent.me\/zY931w\"><strong>Reg\u00edstrate<\/strong><\/a><\/div>\n<\/div>\n\n\n\n<p class=\"has-black-color has-text-color has-link-color wp-elements-66b6f0c44e1f0b68c823317f0a3d092e\"><em>\u00bfYa eres miembro?&nbsp;<a href=\"https:\/\/d3.sana.ai\/learn\" target=\"_blank\" rel=\"noreferrer noopener\">Inicia sesi\u00f3n aqu\u00ed.<\/a><\/em><\/p>\n<\/div>\n<\/div>\n<\/div>\n","protected":false},"excerpt":{"rendered":"<p>Ya sea que est\u00e9s dirigiendo la estrategia desde el nivel ejecutivo, gestionando equipos o liderando la entrega de productos,&nbsp;IA + Liderazgo y Gesti\u00f3n&nbsp;te prepara para liderar con confianza en un entorno laboral impulsado por la IA. Estos m\u00f3dulos muestran c\u00f3mo la&nbsp;IA generativa&nbsp;puede simplificar tareas de liderazgo, mientras que los&nbsp;sistemas de razonamiento e IA ag\u00e9ntica&nbsp;orquestan flujos [&hellip;]<\/p>\n","protected":false},"author":19383,"featured_media":0,"parent":4,"menu_order":0,"comment_status":"closed","ping_status":"closed","template":"","meta":{"_trash_the_other_posts":false,"rkv_hide_featured_image":false,"rkv_hide_page_title":false,"rkv_hide_abstract_shapes":true,"rkv_reduce_header":false,"hbsd3_featured_media_url":"","hbsd3_featured_media_url_autoplay":false,"editor_notices":[],"footnotes":""},"class_list":["post-71","page","type-page","status-publish","hentry"],"_links":{"self":[{"href":"https:\/\/d3.harvard.edu\/preparate-para-el-futuro-con-ia\/wp-json\/wp\/v2\/pages\/71","targetHints":{"allow":["GET"]}}],"collection":[{"href":"https:\/\/d3.harvard.edu\/preparate-para-el-futuro-con-ia\/wp-json\/wp\/v2\/pages"}],"about":[{"href":"https:\/\/d3.harvard.edu\/preparate-para-el-futuro-con-ia\/wp-json\/wp\/v2\/types\/page"}],"author":[{"embeddable":true,"href":"https:\/\/d3.harvard.edu\/preparate-para-el-futuro-con-ia\/wp-json\/wp\/v2\/users\/19383"}],"replies":[{"embeddable":true,"href":"https:\/\/d3.harvard.edu\/preparate-para-el-futuro-con-ia\/wp-json\/wp\/v2\/comments?post=71"}],"version-history":[{"count":19,"href":"https:\/\/d3.harvard.edu\/preparate-para-el-futuro-con-ia\/wp-json\/wp\/v2\/pages\/71\/revisions"}],"predecessor-version":[{"id":352,"href":"https:\/\/d3.harvard.edu\/preparate-para-el-futuro-con-ia\/wp-json\/wp\/v2\/pages\/71\/revisions\/352"}],"up":[{"embeddable":true,"href":"https:\/\/d3.harvard.edu\/preparate-para-el-futuro-con-ia\/wp-json\/wp\/v2\/pages\/4"}],"wp:attachment":[{"href":"https:\/\/d3.harvard.edu\/preparate-para-el-futuro-con-ia\/wp-json\/wp\/v2\/media?parent=71"}],"curies":[{"name":"wp","href":"https:\/\/api.w.org\/{rel}","templated":true}]}}